{"id":32,"date":"2009-02-27T22:51:39","date_gmt":"2009-02-27T21:51:39","guid":{"rendered":"http:\/\/shitoryu-kofukan.se\/?page_id=32"},"modified":"2024-12-26T11:36:20","modified_gmt":"2024-12-26T10:36:20","slug":"start","status":"publish","type":"page","link":"https:\/\/shitoryu-kofukan.se\/","title":{"rendered":"Hem"},"content":{"rendered":"\n<h3 class=\"wp-block-heading\"><\/h3>\n\n\n\n<h3 class=\"wp-block-heading has-text-align-center\"><img loading=\"lazy\" decoding=\"async\" width=\"400\" height=\"320\" class=\"wp-image-422\" style=\"width: 400px;\" src=\"http:\/\/shitoryu-kofukan.se\/wp-content\/uploads\/Kofukan-Sweden-logosvgu-3.png\" alt=\"\" srcset=\"https:\/\/shitoryu-kofukan.se\/wp-content\/uploads\/Kofukan-Sweden-logosvgu-3.png 2953w, https:\/\/shitoryu-kofukan.se\/wp-content\/uploads\/Kofukan-Sweden-logosvgu-3-300x240.png 300w, https:\/\/shitoryu-kofukan.se\/wp-content\/uploads\/Kofukan-Sweden-logosvgu-3-1024x819.png 1024w, https:\/\/shitoryu-kofukan.se\/wp-content\/uploads\/Kofukan-Sweden-logosvgu-3-768x614.png 768w, https:\/\/shitoryu-kofukan.se\/wp-content\/uploads\/Kofukan-Sweden-logosvgu-3-1536x1229.png 1536w, https:\/\/shitoryu-kofukan.se\/wp-content\/uploads\/Kofukan-Sweden-logosvgu-3-2048x1638.png 2048w\" sizes=\"auto, (max-width: 400px) 100vw, 400px\" \/><figure><a href=\"http:\/\/shitoryu-kofukan.se\/wp-content\/uploads\/Tani-Ha-Shitoryu-Kofukn-logosvgu-1.tif\"><img loading=\"lazy\" decoding=\"async\" width=\"1\" height=\"1\" class=\"alignnone size-medium wp-image-321\" src=\"http:\/\/shitoryu-kofukan.se\/wp-content\/uploads\/Tani-Ha-Shitoryu-Kofukn-logosvgu-1.tif\" alt=\"Tani-Ha Shitoryu Kofukn logosvgu\"><\/a><\/figure><\/h3>\n\n\n\n<p>Svenska Shitoryu kofukan \u00e4r ett samlingsnamn f\u00f6r de klubbar i Sverige som tr\u00e4nar och bedriver traditionell Karate-do inom stilarten <strong>TANI-HA SHITORYU KARATE-DO, KOFUKAN<\/strong>. Svenska Shitoryu best\u00e5r av en verkst\u00e4llande styrelse och en teknisk kommitt\u00e9 som \u00e4r sammansatt f\u00f6r att s\u00e5 effektivt som m\u00f6jligt representera och st\u00f6dja de 3 klubbar vi har som medlemmar runt om i Sverige.<\/p>\n\n\n\n<p>Tillsammans \u00e4r vi cirka 400 aktiva ut\u00f6vare. Med denna hemsida vill vi sprida information om Karate och Svenska Shitoryu Kofukan.<\/p>\n\n\n\n<p><strong>Vill du b\u00f6rja tr\u00e4na?<\/strong><br>\nVill du b\u00f6ra tr\u00e4na, tag d\u00e5 kontakt med n\u00e5gon av v\u00e5ra klubbar. Vi garanterar ett varmt v\u00e4lkomnande! <a href=\"http:\/\/shitoryu-kofukan.se\/?page_id=36\"><em>V\u00e5ra medlemsklubbar!<\/em><\/a><\/p>\n\n\n\n<p><\/p>\n","protected":false},"excerpt":{"rendered":"<p>Svenska Shitoryu kofukan \u00e4r ett samlingsnamn f\u00f6r de klubbar i Sverige som tr\u00e4nar och bedriver traditionell Karate-do inom stilarten TANI-HA SHITORYU KARATE-DO, KOFUKAN. Svenska Shitoryu best\u00e5r av en verkst\u00e4llande styrelse och en teknisk kommitt\u00e9 som \u00e4r sammansatt f\u00f6r att s\u00e5 effektivt som m\u00f6jligt representera och st\u00f6dja de 3 klubbar vi har som medlemmar runt om &hellip; <a href=\"https:\/\/shitoryu-kofukan.se\/\" class=\"more-link\">Forts\u00e4tt l\u00e4sa <span class=\"screen-reader-text\">Hem<\/span> <span class=\"meta-nav\">&rarr;<\/span><\/a><\/p>\n","protected":false},"author":1,"featured_media":0,"parent":0,"menu_order":1,"comment_status":"closed","ping_status":"closed","template":"","meta":{"footnotes":""},"class_list":["post-32","page","type-page","status-publish","hentry"],"_links":{"self":[{"href":"https:\/\/shitoryu-kofukan.se\/index.php?rest_route=\/wp\/v2\/pages\/32","targetHints":{"allow":["GET"]}}],"collection":[{"href":"https:\/\/shitoryu-kofukan.se\/index.php?rest_route=\/wp\/v2\/pages"}],"about":[{"href":"https:\/\/shitoryu-kofukan.se\/index.php?rest_route=\/wp\/v2\/types\/page"}],"author":[{"embeddable":true,"href":"https:\/\/shitoryu-kofukan.se\/index.php?rest_route=\/wp\/v2\/users\/1"}],"replies":[{"embeddable":true,"href":"https:\/\/shitoryu-kofukan.se\/index.php?rest_route=%2Fwp%2Fv2%2Fcomments&post=32"}],"version-history":[{"count":24,"href":"https:\/\/shitoryu-kofukan.se\/index.php?rest_route=\/wp\/v2\/pages\/32\/revisions"}],"predecessor-version":[{"id":435,"href":"https:\/\/shitoryu-kofukan.se\/index.php?rest_route=\/wp\/v2\/pages\/32\/revisions\/435"}],"wp:attachment":[{"href":"https:\/\/shitoryu-kofukan.se\/index.php?rest_route=%2Fwp%2Fv2%2Fmedia&parent=32"}],"curies":[{"name":"wp","href":"https:\/\/api.w.org\/{rel}","templated":true}]}}